t o = -389 - -649. Is 2/(-5) - (-411684)/o a prime number?
True
Let j(y) = -4*y - 21. Let z be j(-4). Let i be ((-182)/(-4))/(z*7/(-70)). Let k = i - 32. Is k a composite number?
False
Let u be 1342*-3*54/(-162). Let q be (-2)/(-4) + (-9)/(-6). Suppose q*o - 795 + 115 = 3*l, 3*l - u = -4*o. Is o a composite number?
False
Let i(r) = 1483*r**2 - 25*r - 27. Suppose 3*b + 5*m + 28 = 0, -2*b + 2*m + 13 = -5*b. Is i(b) composite?
False
Let b(f) = 15972*f**3 - 4*f**2 + 8*f - 5. Is b(1) a prime number?
True
Let g(w) = -381*w + 10081. Is g(14) a prime number?
False
Let b(t) = t**2 + 8*t + 24. Let r be b(-4). Let c be r/6*(-12 - -9)*-64. Let s = c - 53. Is s prime?
False
Let s = 4727 + -2508. Let f = s - 1560. Is f a prime number?
True
Suppose 5*k + 32635 = 1325. Let y = k - -9309. Is y prime?
False
Suppose -2*n = 3*z - 17, -2*n = 9*z - 13*z + 4. Let l(v) = 24*v**3 + v**2 + 5*v - 3. Is l(z) prime?
False
Let h(b) = 2*b**2 - 4. Let i be h(2). Suppose -20 = -i*g - 3*z + z, 3*z + 3 = 5*g. Is g*(0 + 149/3) a prime number?
True
Let l(a) = 4*a**3 - 136*a**2 - 98*a + 307. Is l(62) a prime number?
False
Let b = 102561 - 56096. Is b prime?
False
Suppose 67*q = 65*q + 14. Let p(j) = 3*j**3 - 11*j**2 + 8*j + 37. Is p(q) a composite number?
True
Suppose 4 = -5*r + r. Let v be (1/((-49)/28))/(r/7). Let l(w) = 185*w - 7. Is l(v) prime?
True
Let u(l) = -151*l + 2020. Let f be u(4). Suppose 4*k = 5*m - 60, -8 - 2 = 2*k. Suppose -6712 = -m*g - f. Is g prime?
False
Let r(t) = 57*t - 25. Let v(i) = i**2 + 6*i - 8. Let x be v(-6). Let a = x - -18. Is r(a) prime?
False
Let h = -133571 - -788098. Is h prime?
True
Let z be ((-26)/(-4))/(13/(-78)). Let m = -37 - z. Is (6000 + -2)/(m + 0) a prime number?
True
Suppose 48*c = 69*c + 137172. Let u = 12885 + c. Is u prime?
True
Let m = -18403 - -42474. Is m prime?
True
Suppose -4*g = -r + 140087, 1402*r - 1397*r + 3*g = 700573. Is r a composite number?
False
Suppose u = -0*o + 3*o + 22, -17 = -u + 2*o. Suppose -8 = 4*j, -h - u*j + 2*j = -3190. Suppose 4*z = -0*x - 4*x + h, z = 5*x + 782. Is z prime?
True
Suppose r = -2*j + 3, 2*j + 4*r = 2 + 10. Let n = 1 + 1. Suppose j = -n*o + 2456 - 598. Is o a prime number?
True
Let z(k) = 19 - 9 + 6 + k + 5. Let b be z(-9). Suppose 3*c = -c + b, 2*c - 1508 = -2*r. Is r composite?
False
Is (-34738254)/(-558) - (-12)/186 prime?
False
Let g(n) be the third derivative of -57*n**4 - n**3/6 + 2*n**2 + 51. Is g(-13) a composite number?
False
Suppose -4*p - i = -66, 0*p - 38 = -2*p - 3*i. Suppose -2*l = p - 18. Is ((-1381 - l)/1)/(-2) a prime number?
True
Let w be -4*18/24 + 3*2. Let a = 6 - w. Suppose -2*o - a*c = -3926, 2*c + 5915 = 2*o + o. Is o a prime number?
False
Suppose -57*p - 110 = -67*p. Let d(a) = 6*a**2 - 3*a + 4. Is d(p) composite?
True
Let q be -1 - ((-151)/1 + 2). Let r = 129 - -408. Suppose -x - q = -r. Is x a prime number?
True
Is 5/(-4) - (76624401/(-84) + 27) prime?
True
Suppose -7*n + 119 = 441. Let x = 75 - n. Is x composite?
True
Suppose 4*y + 2*u = -0 + 22, -3 = -3*u. Let q be 2597/((7 + -2)*1 - 4). Suppose 3 = -m, y*j = -4*m + 9580 - q. Is j prime?
True
Suppose -18 = -3*s - 4*n, s - 19 = -n + 4*n. Let x(r) = 1238*r + 53. Is x(s) composite?
False
Let q(d) = -d - 8 + 1 - 6*d + 10*d**2. Let f = 1315 - 1304. Is q(f) a prime number?
False
Let x(u) = -100*u - 3. Let m(z) = 301*z + 10. Let d(a) = -2*m(a) - 7*x(a). Suppose 0 = 2*y - 6*b - 4, -21 + 17 = -2*b. Is d(y) composite?
True
Let x be 1515176/260 - 2/(-5). Suppose u = -3*u + x. Is u a prime number?
False
Is (4758 + 8)*(-44)/(-8) composite?
True
Let d(x) = 26231*x**2 - 93*x + 5. Is d(2) a composite number?
False
Is 135456 + 30*8/48 a prime number?
True
Let c = 153811 - 92570. Is c prime?
False
Let v be 11 + -13 - 1*-2. Suppose 0 = -4*q - 20, v = 5*x + 5*q - 6330 + 1300. Is x prime?
False
Suppose -45*k + 9*k = -8085492. Is k composite?
True
Is (8 - 8935)*-10 - (0 + 7) composite?
True
Let v(s) = -201*s**2 - 4*s + 5. Let b(l) = -1. Let r(g) = -6*b(g) - v(g). Is r(6) composite?
True
Let o = 32124 - -46169. Is o prime?
False
Let f = -79 + 81. Suppose 4*c + 4*z - 2147 = 5*z, c + f*z = 548. Suppose 4*p - c = 226. Is p composite?
False
Let i be 2/(-3) + 6928/24. Let k = i - 37. Is k a composite number?
False
Is (177614/(-10))/(262/(-1310)) a prime number?
True
Suppose 8*n + 21723 = 11*n - 3*b, 0 = 4*n + 3*b - 28978. Is n prime?
True
Suppose 20 = 5*t - 4*n, 4*t - 8*t - 5*n - 25 = 0. Suppose t = -2*f, -f + 5*f = 3*x - 669. Is x a composite number?
False
Suppose 0 = 4*t - 2*m - 58, t + 3*m = -10 + 21. Let x(s) = -s**3 + 15*s**2 - 14*s - 8. Let q be x(t). Is q/48 - (7471/(-6) + 2) a prime number?
False
Let i(k) = k**3 - 9*k**2 - 8. Let m be i(11). Let v be (-3 + 398)/(3 - 2). Let t = v - m. Is t a prime number?
False
Suppose -7*r + 24 = -5*r. Suppose r*w - 9*w = 0. Suppose -4*d - 1945 = -4*p - d, -3*p + 2*d + 1459 = w. Is p a prime number?
True
Let p(a) = a + 2. Let r be p(4). Suppose -r = -f - 1. Suppose 0*t - 3*t = -f*i + 2660, 0 = 4*i + 4*t - 2096. Is i a prime number?
False
Suppose 3*b = -2*q - 270, -5*b - 4*q = -0*b + 448. Let f = -735 - -1234. Let d = f + b. Is d a composite number?
True
Suppose -3*h - 14695 = -a, 4*h - 58728 = -4*a + 3*h. Is a prime?
True
Let d(n) = -120*n + 24. Let q be d(-5). Suppose -3*j + q = 2*w, -2 = -j - 6. Suppose 5*m + 2*s = -w + 993, 4*m - 552 = -4*s. Is m composite?
True
Let j(y) = -y**3 + 27*y**2 - 25*y - 8. Let p be j(26). Suppose -p*d + 30572 = -3430. Is d a composite number?
False
Suppose 0 = w - 4 - 13. Suppose -w = -5*n - 47. Is 11/(4/(-66)*9/n) a composite number?
True
Is ((-80)/250*5/(-4))/((-8)/(-458740)) a composite number?
False
Let b(n) = -n**3 + n**2 + n + 313. Let c be b(0). Is -5 + 2 + c + -3 prime?
True
Let p(z) = 479*z**2 + 72*z + 1137. Is p(-26) a prime number?
False
Let n = -1117 - -30. Is 2/1 - 3 - (n - -7) composite?
True
Is (174/(-42))/(5/(-38185)) a prime number?
False
Let m = 1484129 - 817668. Is m a prime number?
True
Let i(m) = 21*m**3 - 7*m**2 + 31*m + 2. Let k be 2*148/40 + (-6)/15. Is i(k) a prime number?
True
Let k(b) = 2601*b - 874. Is k(9) a prime number?
False
Suppose g + 0 = 15. Suppose 0 = g*d - 10*d - 10745. Is d a composite number?
True
Let n = -75837 - -156352. Is n prime?
False
Suppose -2*g - 78042 = -2*d, -58*d - 3*g = -60*d + 78044. Is d composite?
False
Suppose -3*g + 978984 - 67737 = 3*j, 0 = 5*g - 3*j - 1518745. Is g a prime number?
True
Suppose 8*d - 4*d + 2288 = 0. Let s = -2353 + 3398. Let q = d + s. Is q prime?
False
Let h(r) be the first derivative of 7*r**3/3 + 15*r**2/2 + 31*r - 77. Is h(-16) composite?
False
Let c be ((-1396)/(-6) + 0)/((-8)/108). Let g = c - -4400. Is g a composite number?
False
Let y be 10/(4*(-5)/(-10)). Suppose y*u + 2945 = 5*b, 2*b + u = 175 + 1003. Let d = b + -411. Is d a prime number?
False
Suppose 0*p + 3*p - 3 = 0. Let d(m) = -46 + 136 + 486*m - 45 + 4299*m - 47. Is d(p) a prime number?
True
Let f = -12 + 19. Suppose -f*w = 232 - 64. Is 8/w - 5*4/(-6) a composite number?
False
Let i = 317 - 312. Suppose -j + 4041 = -c, -i*j + c - 2*c = -20229. Is j prime?
False
Suppose -16*m - 5812046 = -92*m - 118*m. Is m a prime number?
True
Let a = -5410 - -16264. Suppose -4*z + 22169 = -y, 5*z + y - a = 16864. Is z prime?
False
Let s = -3530092 - -5178683. Is s composite?
True
Suppose -4*k + 4 = 0, 0 = 29*l - 26*l + k + 614. Is (1679/(-5))/(41/l) composite?
True
Let k(y) = -2534*y - 733. Is k(-63) composite?
False
Let x(a) be the third derivative of -5*a**4/24 - 23*a**3/3 - 2*a**2. Let r be x(-10). Suppose -6735 + 2107 = -r*k. Is k a composite number?
True
Suppose -3*a - 16 = -28. Suppose -a*g = -2 - 6. Suppose -4395 = -k + 4*t, -k + 2951 = -g*t - 1452. Is k composite?
True
Let k = 113 + -105. Suppose -a = 3*w + 4 - k, 4*w + 8 = 0. Is a a prime number?
False
Let z = 31977 - -20054. Is z prime?
False
Suppose -12*s - 2518 = -10*s. Let w be 34660/16 + (-1)/4. Let a = s + w. Is a a composite number?
False
Let f(l) be the first derivative of -1/2*l**2 + 293*l + 12 + 1/3*l**3. Is f(0) a prime number?
True
Is (407136/(-60) + 3)*-5 a composite number?
True
Let k(p) = -58*p**2 - 2*p + 43. Let i(b) = 28*b**2 + b - 20. Let y(a) = 7*i(a) + 3*k(a). Suppose 0 = -4*j + 5*j - 3*g + 19, 3*j + 3*g - 3 = 0. Is y(j) prime?
True
Let n(w) = -184*w + 193847. Is